ulate j(10).
-46
Let s(a) = -5*a**2 - 141*a - 920. What is s(-13)?
68
Let l(b) = 2*b**2 - 38*b + 143. Give l(12).
-25
Let d(c) = -78*c - 922. What is d(-13)?
92
Let g(b) = b**3 - 11*b**2 + b. Calculate g(4).
-108
Let m(w) = 21*w + 862. Determine m(-19).
463
Let z(o) = 9*o**2 + 66*o - 497. What is z(-12)?
7
Let z(w) = -238*w - 15940. Calculate z(-67).
6
Let x(y) = 2*y**3 + 17*y**2 + 15*y + 25. Calculate x(-8).
-31
Let w(g) = 2*g**3 + 65*g**2 + 502*g + 32. Calculate w(-20).
-8
Let x(z) = 405*z + 72531. Give x(-179).
36
Let v(n) = -n**3 - 13*n**2 + 7*n + 91. Give v(-13).
0
Let o(n) = -n - 40. What is o(-15)?
-25
Let k(j) = j**3 + 4*j**2 + 11*j + 37. What is k(-6)?
-101
Let n(u) = -u**2 - 15*u - 143. Determine n(-6).
-89
Let i(m) = m**3 - 31*m + 15. Calculate i(-5).
45
Let b(a) = -2*a**3 + 2*a**2 - 4*a - 5. Determine b(-3).
79
Let n(d) = -2*d**2 - 5*d + 94. What is n(-13)?
-179
Let z(o) = -145*o**2 + 2610*o + 6. What is z(18)?
6
Let l(c) = 34*c + 253. What is l(-7)?
15
Let p(y) = -138*y + 815. What is p(6)?
-13
Let j(i) = 8*i**2 + 63*i - 6. Calculate j(-8).
2
Let q(s) = 2*s**2 - 71*s + 54. What is q(36)?
90
Let h(i) = 2*i**3 + 37*i**2 + 94*i + 207. Calculate h(-16).
-17
Let x(z) = -z**3 - 3*z**2 + 82*z - 17. Determine x(7).
67
Let s(w) = w**3 - 59*w**2 + 452*w - 106. Determine s(50).
-6
Let a(r) = -r**3 - 14*r**2 - 11*r - 15. What is a(-13)?
-41
Let g(p) = -20515*p - 82052. Give g(-4).
8
Let u(v) = 2004*v + 6031. Calculate u(-3).
19
Let p(w) = -w**3 + 76*w**2 - 159*w - 4376. Calculate p(73).
4
Let h(q) = -q**3 - 8*q**2 + 4*q - 10. Calculate h(-7).
-87
Let x(y) = -20*y**2 + 20*y + 606. What is x(-5)?
6
Let y(s) = -18*s + 473. Calculate y(19).
131
Let z(x) = -4*x + 148. What is z(27)?
40
Let k(l) = -3*l**2 + 18*l - 27. Calculate k(3).
0
Let y(c) = c**3 - c**2 - 310*c + 67. Give y(18).
-5
Let u(z) = 2*z**3 + 5*z**2 - 10*z - 23. What is u(-3)?
-2
Let y(f) = -37*f**2 + 47*f - 45. What is y(1)?
-35
Let x(n) = -115*n - 1872. Calculate x(-14).
-262
Let a(l) = -l**3 - 12*l**2 - 9*l + 13. Give a(-7).
-169
Let f(j) = -j**3 + 26*j**2 - 127*j - 2. What is f(10)?
328
Let f(t) = -5*t**2 - 17*t + 33. Calculate f(3).
-63
Let z(l) = -25*l - 1163. Determine z(-57).
262
Let c(i) = 3*i**2 - 528*i - 7981. Calculate c(190).
-1
Let f(y) = 8*y + 473. What is f(20)?
633
Let x(w) = -w**2 + 18*w + 21. What is x(-11)?
-298
Let x(a) = -57*a - 283. Calculate x(-5).
2
Let u(x) = 3*x**2 - 59*x - 27. Calculate u(20).
-7
Let i(v) = 5*v**2 + 416*v - 2121. Determine i(-88).
-9
Let q(p) = p**3 - 12*p**2 - 25*p + 13. Give q(14).
55
Let w(x) = 20*x + 436. Give w(-24).
-44
Let o(q) = -10*q**2 - 50*q - 3. Give o(-2).
57
Let b(w) = -28*w**2 - 22*w + 74. What is b(3)?
-244
Let t(w) = w**3 + 9*w**2 + 2*w - 80. What is t(-7)?
4
Let i(a) = 162*a**2 - 2753*a - 13. Determine i(17).
4
Let m(y) = 57*y + 6080. Determine m(-107).
-19
Let x(f) = -4*f + 584. Give x(149).
-12
Let s(f) = 2*f**3 - 19*f**2 + 47*f - 18. Give s(6).
12
Let i(p) = -p**2 + 520*p + 9117. Give i(-17).
-12
Let s(l) = -2*l**3 - 13*l**2 - 14*l + 21. Calculate s(-5).
16
Let n(c) = 2*c**3 - 20*c**2 + c - 5. Calculate n(10).
5
Let n(k) = -k**2 - 39*k - 93. Calculate n(-39).
-93
Let f(s) = 2*s**2 - 49*s - 435. Give f(35).
300
Let n(y) = -10*y - 387. What is n(-41)?
23
Let c(w) = w**3 - 10*w**2 + 11*w + 25. Determine c(8).
-15
Let f(t) = -2*t**2 - 12*t - 44. What is f(-9)?
-98
Let x(f) = f**2 - 183*f - 2332. What is x(-12)?
8
Let a(p) = 3*p**3 - 15*p**2 - 15*p + 106. Give a(5).
31
Let g(l) = l**2 + 6*l - 9. Calculate g(-10).
31
Let r(w) = w**3 + 120*w**2 + 687*w + 327. Calculate r(-114).
-15
Let t(m) = -4*m**3 + 861*m**2 - 216*m + 200. Determine t(215).
-15
Let h(n) = -1312*n + 38051. Determine h(29).
3
Let f(m) = -4*m**2 + 249*m - 559. Determine f(54).
1223
Let f(y) = 2*y**2 + y + 37. Give f(-8).
157
Let k(m) = -m**3 - 6*m**2 - 18*m - 7. Determine k(-7).
168
Let j(k) = k**3 - 4*k**2 - 769*k - 326. Determine j(30).
4
Let t(x) = -264*x + 1160. Give t(4).
104
Let k(h) = -15*h + 297. Determine k(16).
57
Let c(v) = 501*v - 173. Calculate c(1).
328
Let c(z) = z**3 - 3*z**2 - 18*z - 3. Determine c(6).
-3
Let a(z) = z**3 - 22*z**2 - 59*z - 9. What is a(-3)?
-57
Let c(o) = -o**3 + 19*o**2 + 22*o - 164. What is c(20)?
-124
Let v(p) = 11*p**2 - 167*p - 32. Give v(15).
-62
Let a(b) = 83*b**2 - 168*b - 3. Give a(2).
-7
Let q(y) = y**3 + 23*y**2 + 134*y + 18. What is q(-16)?
-334
Let w(d) = -4*d**2 - 297*d - 3178. Determine w(-13).
7
Let f(m) = -71*m + 8791. Give f(124).
-13
Let b(u) = 38*u + 467. Determine b(-11).
49
Let m(b) = b**2 - 43*b + 159. Determine m(5).
-31
Let n(o) = -324*o**3 - 3*o**2 - o + 1. Determine n(-1).
323
Let h(j) = 2*j**3 + 19*j**2 + 44*j + 1. Calculate h(-6).
-11
Let t(z) = 2107*z + 25285. Calculate t(-12).
1
Let q(w) = 45*w + 3151. Determine q(-70).
1
Let p(u) = -3*u**2 - 324*u - 1827. Determine p(-6).
9
Let l(y) = 1401*y + 1168. Determine l(-1).
-233
Let t(u) = u**3 + 11*u**2 - 104*u + 376. What is t(-18)?
-20
Let u(p) = -p**2 + 745*p + 6775. Determine u(-9).
-11
Let r(s) = s**3 - 43*s**2 - 100*s - 16. Determine r(-2).
4
Let l(q) = 76*q - 1146. What is l(16)?
70
Let x(k) = -191*k - 249. Calculate x(-3).
324
Let k(c) = -183*c + 5865. What is k(32)?
9
Let v(t) = 20*t**3 + 77*t - 78. Calculate v(1).
19
Let m(c) = -3*c**2 + 98*c - 354. What is m(4)?
-10
Let r(f) = -f**3 - 23*f**2 + 3*f + 57. Determine r(-23).
-12
Let w(q) = -360*q - 1057. Determine w(-3).
23
Let j(r) = -2*r**3 + r**2 + 44*r + 149. Give j(-4).
117
Let p(y) = 5*y**3 + 71*y**2 + 6*y - 114. Give p(-14).
-2
Let u(c) = 112*c**2 + 68*c + 68. Calculate u(-1).
112
Let v(z) = 60*z + 300. Give v(-5).
0
Let m(t) = -646*t + 1930. What is m(3)?
-8
Let y(z) = -5*z - 57. What is y(-37)?
128
Let r(i) = 3*i**3 + 16*i**2 + 19*i + 46. Give r(-5).
-24
Let f(l) = l**3 - 8*l**2 - 26*l - 21. Calculate f(12).
243
Let w(t) = t**2 + 40*t + 436. Give w(-20).
36
Let f(g) = -g**2 + 66*g + 12139. Calculate f(148).
3
Let g(c) = -77*c + 410. Determine g(5).
25
Let h(m) = -m**3 - m**2 + 23*m - 158. What is h(0)?
-158
Let m(o) = 2*o**2 - 16*o - 38. What is m(15)?
172
Let q(c) = -1898*c + 5707. What is q(3)?
13
Let c(u) = 73*u**2 + u - 3. What is c(1)?
71
Let z(u) = 17*u**2 - 295*u - 893. What is z(20)?
7
Let y(u) = -3*u**3 - 5*u**2 + 19*u + 37. Give y(-5).
192
Let n(w) = -46*w + 4149. What is n(90)?
9
Let b(k) = -k**2 - 15*k - 207. Give b(0).
-207
Let c(w) = w**3 - 351*w + 192. What is c(-19)?
2
Let r(v) = -11*v**2 + 97*v + 13. Give r(9).
-5
Let w(i) = i**3 - 8*i + 1. Calculate w(0).
1
Let m(r) = r**2 + 54*r + 653. Calculate m(-36).
5
Let l(y) = -267*y + 8. Calculate l(1).
-259
Let b(a) = -a**2 + 24*a + 36. Determine b(26).
-16
Let p(w) = -4*w**2 + 79*w - 67. Calculate p(17).
120
Let k(q) = 7*q**2 + 17*q - 118. Calculate k(4).
62
Let p(f) = 2*f**3 - 81*f**2 - 119*f - 283. What is p(42)?
11
Let l(v) = -v**3 + 4*v**2 + 96*v - 13. Determine l(0).
-13
Let z(y) = -y**2 - 61*y - 749. Give z(-18).
25
Let q(b) = -7*b + 255. Determine q(36).
3
Let t(v) = v**2 + 21*v - 158. Calculate t(7).
38
Let w(b) = b**3 - 38*b**2 - 1238*b + 14. Give w(-21).
-7
Let k(v) = -13*v + 67. Determine k(0).
67
Let z(i) = -i**3 + 3*i**2 + 10*i - 32. Calculate z(3).
-2
Let d(h) = -9*h - 2. Determine d(-10).
88
Let x(s) = -4*s**2 + 72*s - 86. What is x(17)?
-18
Let q(t) = -17*t - 475. Give q(-32).
69
Let q(z) = 23*z + 904. What is q(-38)?
30
Let t(g) = -92*g**2 - 461*g - 3. Give t(-5).
2
Let x(g) = -g**3 - 14*g**2 - 8*g + 19. Give x(-14).
131
Let i(g) = 613*g - 2943. Determine i(5).
122
Let q(h) = -361*h - 13326. What is q(-37)?
31
Let m(q) = 1240*q**2 + 1193*q. Determine m(-1).
47
Let b(n) = n**2 + 41*n - 133. Determine b(-44).
-1
Let n(p) = -p**3 + 18*p**2 - 401*p + 1673. Give n(5).
-7
Let r(h) = 23*h**2 - 94*h - 25. Determine r(4).
-33
Let g(y) = -y**3 - 4*y**2 + 52*y + 201. Give g(-7).
-16
Let m(s) = -15*s + 360. Give m(22).
30
Let t(i) = -6*i**2 + 309*i + 315. Give t(52).
159
Let n(g) = -200*g + 1038. Determine n(6).
-162
Let m(g) = -g**3 - 5*g**2 + 79*g + 78. Give m(-11).
-65
Let b(z) = z**3 + 10*z**2 + 15*z + 24. Determine b(-8).
32
Let l(p) = -87*p - 902. Calculate l(-9).
-119
Let i(t) = 3*t**2 - 238*t - 5956. Determine i(-20).
4
Let c(r) = 1127*r + 1143. What is c(-1)?
16
Let f(l) = -3*l**2 - 36*l - 123. Calculate f